{"id":106,"date":"2018-08-14T14:53:02","date_gmt":"2018-08-14T12:53:02","guid":{"rendered":"http:\/\/lucelec.net\/?page_id=106"},"modified":"2026-03-15T12:40:05","modified_gmt":"2026-03-15T11:40:05","slug":"savoir-faire-electricite-orbec","status":"publish","type":"page","link":"https:\/\/lucelec.net\/index.php\/savoir-faire-electricite-orbec\/","title":{"rendered":"Nos comp\u00e9tences"},"content":{"rendered":"\r\n<h2 class=\"wp-block-heading\" style=\"text-align:center\"><strong>Nos comp\u00e9tences<\/strong><\/h2>\r\n\r\n\r\n\r\n<div class=\"wp-block-columns has-2-columns is-layout-flex wp-container-core-columns-is-layout-9d6595d7 wp-block-columns-is-layout-flex\">\r\n<div class=\"wp-block-column is-layout-flow wp-block-column-is-layout-flow\">\r\n<h3 class=\"wp-block-heading\"><strong>\u00c9lectricit\u00e9 g\u00e9n\u00e9rale<\/strong><\/h3>\r\n\r\n\r\n\r\n<p><strong>\u00c9lectricit\u00e9:<\/strong><br\/>\u00a0\u00a0\u00a0\u00a0 * R\u00e9alisations<br\/>\u00a0\u00a0\u00a0\u00a0 * Conceptions<br\/>\u00a0\u00a0\u00a0\u00a0 * Automatismes<br\/>\u00a0\u00a0\u00a0\u00a0 * \u00c9tudes<\/p>\r\n\r\n\r\n\r\n<p><strong>Intervention:<\/strong><br\/>\u00a0\u00a0\u00a0\u00a0 * Courant fort<br\/>\u00a0\u00a0\u00a0\u00a0 * Courant faible<\/p>\r\n\r\n\r\n\r\n<p><strong>Clients:<\/strong><br\/>\u00a0\u00a0\u00a0\u00a0 * R\u00e9sidentiel (particulier &amp; pro)<br\/>\u00a0\u00a0\u00a0\u00a0 * Tertiaires (pro)<\/p>\r\n<\/div>\r\n\r\n\r\n\r\n<div class=\"wp-block-column is-layout-flow wp-block-column-is-layout-flow\">\r\n<h3 class=\"wp-block-heading\"><strong>Services +<\/strong><\/h3>\r\n\r\n\r\n\r\n<p><strong>Engagements:<\/strong><br\/>\u00a0\u00a0\u00a0\u00a0 * Respect des d\u00e9lais<br\/>\u00a0\u00a0\u00a0\u00a0 * Respect des normes<br\/>\u00a0\u00a0\u00a0\u00a0 * Garantie d\u00e9c\u00e9nnale<\/p>\r\n\r\n\r\n\r\n<p><strong>Plus:<\/strong><br\/>\u00a0\u00a0\u00a0\u00a0 * Contrat d&rsquo;entretien<br\/>\u00a0\u00a0\u00a0\u00a0 * Contrat de maintenance<br\/>\u00a0\u00a0\u00a0\u00a0 * Devis d\u00e9taill\u00e9<br\/>\u00a0\u00a0\u00a0\u00a0 * SAV<br\/>\u00a0\u00a0\u00a0\u00a0 * D\u00e9pannage 7 jours sur 7<\/p>\r\n<\/div>\r\n<\/div>\r\n","protected":false},"excerpt":{"rendered":"<p>Nos comp\u00e9tences \u00c9lectricit\u00e9 g\u00e9n\u00e9rale \u00c9lectricit\u00e9:\u00a0\u00a0\u00a0\u00a0 * R\u00e9alisations\u00a0\u00a0\u00a0\u00a0 * Conceptions\u00a0\u00a0\u00a0\u00a0 * Automatismes\u00a0\u00a0\u00a0\u00a0 * \u00c9tudes Intervention:\u00a0\u00a0\u00a0\u00a0 * Courant fort\u00a0\u00a0\u00a0\u00a0 * Courant faible Clients:\u00a0\u00a0\u00a0\u00a0 * R\u00e9sidentiel (particulier &amp; pro)\u00a0\u00a0\u00a0\u00a0 * Tertiaires (pro) Services + Engagements:\u00a0\u00a0\u00a0\u00a0 * Respect des d\u00e9lais\u00a0\u00a0\u00a0\u00a0 * Respect des normes\u00a0\u00a0\u00a0\u00a0 * Garantie d\u00e9c\u00e9nnale Plus:\u00a0\u00a0\u00a0\u00a0 * Contrat d&rsquo;entretien\u00a0\u00a0\u00a0\u00a0 * Contrat de maintenance\u00a0\u00a0\u00a0\u00a0 * Devis d\u00e9taill\u00e9\u00a0\u00a0\u00a0\u00a0 *&#8230;<\/p>\n","protected":false},"author":1,"featured_media":0,"parent":0,"menu_order":0,"comment_status":"closed","ping_status":"closed","template":"","meta":{"_monsterinsights_skip_tracking":false,"_monsterinsights_sitenote_active":false,"_monsterinsights_sitenote_note":"","_monsterinsights_sitenote_category":0,"footnotes":""},"class_list":["post-106","page","type-page","status-publish","hentry"],"_links":{"self":[{"href":"https:\/\/lucelec.net\/index.php\/wp-json\/wp\/v2\/pages\/106","targetHints":{"allow":["GET"]}}],"collection":[{"href":"https:\/\/lucelec.net\/index.php\/wp-json\/wp\/v2\/pages"}],"about":[{"href":"https:\/\/lucelec.net\/index.php\/wp-json\/wp\/v2\/types\/page"}],"author":[{"embeddable":true,"href":"https:\/\/lucelec.net\/index.php\/wp-json\/wp\/v2\/users\/1"}],"replies":[{"embeddable":true,"href":"https:\/\/lucelec.net\/index.php\/wp-json\/wp\/v2\/comments?post=106"}],"version-history":[{"count":1,"href":"https:\/\/lucelec.net\/index.php\/wp-json\/wp\/v2\/pages\/106\/revisions"}],"predecessor-version":[{"id":336,"href":"https:\/\/lucelec.net\/index.php\/wp-json\/wp\/v2\/pages\/106\/revisions\/336"}],"wp:attachment":[{"href":"https:\/\/lucelec.net\/index.php\/wp-json\/wp\/v2\/media?parent=106"}],"curies":[{"name":"wp","href":"https:\/\/api.w.org\/{rel}","templated":true}]}}

Nos compétences

<h2 class="wp-block-heading" style="text-align:center"><strong>Nos compétences</strong></h2>



<div class="wp-block-columns has-2-columns is-layout-flex wp-container-core-columns-is-layout-9d6595d7 wp-block-columns-is-layout-flex">
<div class="wp-block-column is-layout-flow wp-block-column-is-layout-flow">
<h3 class="wp-block-heading"><strong>Électricité générale</strong></h3>



<p><strong>Électricité:</strong><br/>     * Réalisations<br/>     * Conceptions<br/>     * Automatismes<br/>     * Études</p>



<p><strong>Intervention:</strong><br/>     * Courant fort<br/>     * Courant faible</p>



<p><strong>Clients:</strong><br/>     * Résidentiel (particulier &amp; pro)<br/>     * Tertiaires (pro)</p>
</div>



<div class="wp-block-column is-layout-flow wp-block-column-is-layout-flow">
<h3 class="wp-block-heading"><strong>Services +</strong></h3>



<p><strong>Engagements:</strong><br/>     * Respect des délais<br/>     * Respect des normes<br/>     * Garantie décénnale</p>



<p><strong>Plus:</strong><br/>     * Contrat d&rsquo;entretien<br/>     * Contrat de maintenance<br/>     * Devis détaillé<br/>     * SAV<br/>     * Dépannage 7 jours sur 7</p>
</div>
</div>

<p>Nos compétences Électricité générale Électricité:     * Réalisations     * Conceptions     * Automatismes     * Études Intervention:     * Courant fort     * Courant faible Clients:     * Résidentiel (particulier &amp; pro)     * Tertiaires (pro) Services + Engagements:     * Respect des délais     * Respect des normes     * Garantie décénnale Plus:     * Contrat d&rsquo;entretien     * Contrat de maintenance     * Devis détaillé     *&#8230;</p>
