{"id":127,"date":"2018-08-14T15:23:04","date_gmt":"2018-08-14T13:23:04","guid":{"rendered":"http:\/\/lucelec.net\/?page_id=127"},"modified":"2026-03-15T12:39:02","modified_gmt":"2026-03-15T11:39:02","slug":"partenaires-electricien-orbec","status":"publish","type":"page","link":"https:\/\/lucelec.net\/index.php\/partenaires-electricien-orbec\/","title":{"rendered":"Nos partenaires"},"content":{"rendered":"\n<p>Nos mat\u00e9riaux proviennent exclusivement de revendeur professionnel ce qui nous assurent des produits de qualit\u00e9s et r\u00e9pondent aux exigences des normes actuelles.<br><strong>Revendeurs avec qui nous travaillons:&nbsp; NOLLET, REXEL.<\/strong><\/p>\n\n\n\n<figure class=\"wp-block-gallery has-nested-images columns-default is-cropped wp-block-gallery-1 is-layout-flex wp-block-gallery-is-layout-flex\">\n<figure class=\"wp-block-image\"><img loading=\"lazy\" decoding=\"async\" width=\"595\" height=\"768\" data-id=\"244\" src=\"http:\/\/lucelec.net\/wp-content\/uploads\/2021\/05\/Partenaires-1.png\" alt=\"\" class=\"wp-image-244\" srcset=\"https:\/\/lucelec.net\/wp-content\/uploads\/2021\/05\/Partenaires-1.png 595w, https:\/\/lucelec.net\/wp-content\/uploads\/2021\/05\/Partenaires-1-232x300.png 232w, https:\/\/lucelec.net\/wp-content\/uploads\/2021\/05\/Partenaires-1-1x1.png 1w\" sizes=\"auto, (max-width: 595px) 100vw, 595px\" \/><\/figure>\n<\/figure>\n\n\n","protected":false},"excerpt":{"rendered":"<p>Nos mat\u00e9riaux proviennent exclusivement de revendeur professionnel ce qui nous assurent des produits de qualit\u00e9s et r\u00e9pondent aux exigences des normes actuelles.Revendeurs avec qui nous travaillons:&nbsp; NOLLET, REXEL.<\/p>\n","protected":false},"author":1,"featured_media":0,"parent":0,"menu_order":0,"comment_status":"closed","ping_status":"closed","template":"","meta":{"_monsterinsights_skip_tracking":false,"_monsterinsights_sitenote_active":false,"_monsterinsights_sitenote_note":"","_monsterinsights_sitenote_category":0,"footnotes":""},"class_list":["post-127","page","type-page","status-publish","hentry"],"_links":{"self":[{"href":"https:\/\/lucelec.net\/index.php\/wp-json\/wp\/v2\/pages\/127","targetHints":{"allow":["GET"]}}],"collection":[{"href":"https:\/\/lucelec.net\/index.php\/wp-json\/wp\/v2\/pages"}],"about":[{"href":"https:\/\/lucelec.net\/index.php\/wp-json\/wp\/v2\/types\/page"}],"author":[{"embeddable":true,"href":"https:\/\/lucelec.net\/index.php\/wp-json\/wp\/v2\/users\/1"}],"replies":[{"embeddable":true,"href":"https:\/\/lucelec.net\/index.php\/wp-json\/wp\/v2\/comments?post=127"}],"version-history":[{"count":1,"href":"https:\/\/lucelec.net\/index.php\/wp-json\/wp\/v2\/pages\/127\/revisions"}],"predecessor-version":[{"id":335,"href":"https:\/\/lucelec.net\/index.php\/wp-json\/wp\/v2\/pages\/127\/revisions\/335"}],"wp:attachment":[{"href":"https:\/\/lucelec.net\/index.php\/wp-json\/wp\/v2\/media?parent=127"}],"curies":[{"name":"wp","href":"https:\/\/api.w.org\/{rel}","templated":true}]}}